{"id":200563,"date":"2022-07-06T14:33:22","date_gmt":"2022-07-06T12:33:22","guid":{"rendered":"https:\/\/masachs.com\/naus-de-lloger-a-viladecans"},"modified":"2025-10-03T11:11:12","modified_gmt":"2025-10-03T09:11:12","slug":"naus-de-lloger-a-viladecans","status":"publish","type":"page","link":"https:\/\/masachs.com\/ca\/naus-de-lloger-a-viladecans","title":{"rendered":"Naus de lloger a Viladecans"},"content":{"rendered":"<h3>Lloguer de Naus Industrials a <strong>Viladecans<\/strong><\/h3>\n<p>Descobreix la nostra exclusiva selecci\u00f3 de naus industrials a <strong>Viladecans<\/strong>, una localitat amb una ubicaci\u00f3 estrat\u00e8gica que la converteix en un punt clau per al desenvolupament empresarial. Situada a nom\u00e9s 15 quil\u00f2metres de <strong>Barcelona<\/strong>, <strong>Viladecans<\/strong> ofereix un acc\u00e9s immillorable a les principals vies de comunicaci\u00f3, com la <strong>C-32<\/strong> i l&#8217;<strong>A-2<\/strong>, facilitant la connexi\u00f3 amb altres localitats properes com <strong>Gav\u00e0<\/strong> i <strong>El Prat de Llobregat<\/strong>.<\/p>\n<p><strong>Viladecans<\/strong> es beneficia d&#8217;una infraestructura log\u00edstica excel\u00b7lent, amb una proximitat a l&#8217;<strong>Aeroport de Barcelona-El Prat<\/strong> i la <strong>Zona Franca<\/strong>, el que augmenta la seva atracci\u00f3 per a les empreses que busquen distribuir els seus productes a nivell local i internacional. La seva xarxa de transport p\u00fablic facilita l&#8217;acc\u00e9s als treballadors i a clients.<\/p>\n<p>Les nostres naus industrials en lloguer a <strong>Viladecans<\/strong> estan dissenyades per satisfer les necessitats d&#8217;ind\u00fastries variades, amb espais amplis i adaptables. <strong>No perdis l&#8217;oportunitat d&#8217;establir el teu negoci en una de les zones m\u00e9s din\u00e0miques i prometedores de l&#8217;\u00e0rea metropolitana. Contacta&#8217;ns per a m\u00e9s informaci\u00f3 i troba l&#8217;espai perfecte per a la teva empresa!<\/strong><\/p>\n","protected":false},"excerpt":{"rendered":"<p>Lloguer de Naus Industrials a Viladecans Descobreix la nostra exclusiva selecci\u00f3 de naus industrials a Viladecans, una localitat amb una ubicaci\u00f3 estrat\u00e8gica que la converteix en un punt clau per al desenvolupament empresarial. Situada a nom\u00e9s 15 quil\u00f2metres de Barcelona, Viladecans ofereix un acc\u00e9s immillorable a les principals vies de comunicaci\u00f3, com la C-32 i l&#8217;A-2, facilitant la connexi\u00f3 amb altres localitats properes com &#8230;<\/p>\n","protected":false},"author":77,"featured_media":0,"parent":0,"menu_order":0,"comment_status":"closed","ping_status":"closed","template":"property_list_half.php","meta":{"footnotes":""},"class_list":["post-200563","page","type-page","status-publish","hentry"],"_links":{"self":[{"href":"https:\/\/masachs.com\/ca\/wp-json\/wp\/v2\/pages\/200563"}],"collection":[{"href":"https:\/\/masachs.com\/ca\/wp-json\/wp\/v2\/pages"}],"about":[{"href":"https:\/\/masachs.com\/ca\/wp-json\/wp\/v2\/types\/page"}],"author":[{"embeddable":true,"href":"https:\/\/masachs.com\/ca\/wp-json\/wp\/v2\/users\/77"}],"replies":[{"embeddable":true,"href":"https:\/\/masachs.com\/ca\/wp-json\/wp\/v2\/comments?post=200563"}],"version-history":[{"count":2,"href":"https:\/\/masachs.com\/ca\/wp-json\/wp\/v2\/pages\/200563\/revisions"}],"predecessor-version":[{"id":400490,"href":"https:\/\/masachs.com\/ca\/wp-json\/wp\/v2\/pages\/200563\/revisions\/400490"}],"wp:attachment":[{"href":"https:\/\/masachs.com\/ca\/wp-json\/wp\/v2\/media?parent=200563"}],"curies":[{"name":"wp","href":"https:\/\/api.w.org\/{rel}","templated":true}]}}

<h3>Lloguer de Naus Industrials a <strong>Viladecans</strong></h3>
<p>Descobreix la nostra exclusiva selecció de naus industrials a <strong>Viladecans</strong>, una localitat amb una ubicació estratègica que la converteix en un punt clau per al desenvolupament empresarial. Situada a només 15 quilòmetres de <strong>Barcelona</strong>, <strong>Viladecans</strong> ofereix un accés immillorable a les principals vies de comunicació, com la <strong>C-32</strong> i l&#8217;<strong>A-2</strong>, facilitant la connexió amb altres localitats properes com <strong>Gavà</strong> i <strong>El Prat de Llobregat</strong>.</p>
<p><strong>Viladecans</strong> es beneficia d&#8217;una infraestructura logística excel·lent, amb una proximitat a l&#8217;<strong>Aeroport de Barcelona-El Prat</strong> i la <strong>Zona Franca</strong>, el que augmenta la seva atracció per a les empreses que busquen distribuir els seus productes a nivell local i internacional. La seva xarxa de transport públic facilita l&#8217;accés als treballadors i a clients.</p>
<p>Les nostres naus industrials en lloguer a <strong>Viladecans</strong> estan dissenyades per satisfer les necessitats d&#8217;indústries variades, amb espais amplis i adaptables. <strong>No perdis l&#8217;oportunitat d&#8217;establir el teu negoci en una de les zones més dinàmiques i prometedores de l&#8217;àrea metropolitana. Contacta&#8217;ns per a més informació i troba l&#8217;espai perfecte per a la teva empresa!</strong></p>

<p>Lloguer de Naus Industrials a Viladecans Descobreix la nostra exclusiva selecció de naus industrials a Viladecans, una localitat amb una ubicació estratègica que la converteix en un punt clau per al desenvolupament empresarial. Situada a només 15 quilòmetres de Barcelona, Viladecans ofereix un accés immillorable a les principals vies de comunicació, com la C-32 i l&#8217;A-2, facilitant la connexió amb altres localitats properes com &#8230;</p>
