{"id":176022,"date":"2020-10-27T10:25:37","date_gmt":"2020-10-27T09:25:37","guid":{"rendered":"https:\/\/masachs.com\/?page_id=176022"},"modified":"2025-10-03T11:17:42","modified_gmt":"2025-10-03T09:17:42","slug":"naus-de-lloguer-a-manresa","status":"publish","type":"page","link":"https:\/\/masachs.com\/ca\/naus-de-lloguer-a-manresa","title":{"rendered":"Naus de lloguer a Manresa"},"content":{"rendered":"<h3>Lloguer de Naus Industrials a <strong>Manresa<\/strong><\/h3>\n<p>Descobreix la nostra exclusiva selecci\u00f3 de naus industrials a <strong>Manresa<\/strong>, una localitat amb una ubicaci\u00f3 estrat\u00e8gica al cor de <strong>Catalunya<\/strong>. Idealment situades, aquestes naus ofereixen un acc\u00e9s immillorable a les principals vies de comunicaci\u00f3, com la <strong>C-55<\/strong> i la <strong>C-16<\/strong>, facilitant la connexi\u00f3 amb <strong>Barcelona<\/strong> i altres ciutats clau de la regi\u00f3.<\/p>\n<p><strong>Manresa<\/strong> es troba envoltada de barris din\u00e0mics i municipis ve\u00efns com <strong>Sant Joan de Vilatorrada<\/strong> i <strong>Vilafranca del Pened\u00e8s<\/strong>, la qual cosa potencia el seu atractiu log\u00edstic i comercial. La proximitat a importants centres industrials i comercials, aix\u00ed com a serveis de transport p\u00fablic, converteix aquesta localitat en un punt neur\u00e0lgic per a empreses que busquen optimitzar la seva operativa.<\/p>\n<p><strong>No perdis l&#8217;oportunitat d&#8217;establir el teu negoci en un entorn que afavoreix el creixement i la competitivitat. Explora les nostres opcions de lloguer i troba l&#8217;espai perfecte per portar la teva empresa al seg\u00fcent nivell a Manresa.<\/strong><\/p>\n","protected":false},"excerpt":{"rendered":"<p>Lloguer de Naus Industrials a Manresa Descobreix la nostra exclusiva selecci\u00f3 de naus industrials a Manresa, una localitat amb una ubicaci\u00f3 estrat\u00e8gica al cor de Catalunya. Idealment situades, aquestes naus ofereixen un acc\u00e9s immillorable a les principals vies de comunicaci\u00f3, com la C-55 i la C-16, facilitant la connexi\u00f3 amb Barcelona i altres ciutats clau de la regi\u00f3. Manresa es troba envoltada de barris &#8230;<\/p>\n","protected":false},"author":9,"featured_media":0,"parent":0,"menu_order":0,"comment_status":"closed","ping_status":"closed","template":"property_list_half.php","meta":{"footnotes":""},"class_list":["post-176022","page","type-page","status-publish","hentry"],"_links":{"self":[{"href":"https:\/\/masachs.com\/ca\/wp-json\/wp\/v2\/pages\/176022"}],"collection":[{"href":"https:\/\/masachs.com\/ca\/wp-json\/wp\/v2\/pages"}],"about":[{"href":"https:\/\/masachs.com\/ca\/wp-json\/wp\/v2\/types\/page"}],"author":[{"embeddable":true,"href":"https:\/\/masachs.com\/ca\/wp-json\/wp\/v2\/users\/9"}],"replies":[{"embeddable":true,"href":"https:\/\/masachs.com\/ca\/wp-json\/wp\/v2\/comments?post=176022"}],"version-history":[{"count":2,"href":"https:\/\/masachs.com\/ca\/wp-json\/wp\/v2\/pages\/176022\/revisions"}],"predecessor-version":[{"id":400499,"href":"https:\/\/masachs.com\/ca\/wp-json\/wp\/v2\/pages\/176022\/revisions\/400499"}],"wp:attachment":[{"href":"https:\/\/masachs.com\/ca\/wp-json\/wp\/v2\/media?parent=176022"}],"curies":[{"name":"wp","href":"https:\/\/api.w.org\/{rel}","templated":true}]}}

<h3>Lloguer de Naus Industrials a <strong>Manresa</strong></h3>
<p>Descobreix la nostra exclusiva selecció de naus industrials a <strong>Manresa</strong>, una localitat amb una ubicació estratègica al cor de <strong>Catalunya</strong>. Idealment situades, aquestes naus ofereixen un accés immillorable a les principals vies de comunicació, com la <strong>C-55</strong> i la <strong>C-16</strong>, facilitant la connexió amb <strong>Barcelona</strong> i altres ciutats clau de la regió.</p>
<p><strong>Manresa</strong> es troba envoltada de barris dinàmics i municipis veïns com <strong>Sant Joan de Vilatorrada</strong> i <strong>Vilafranca del Penedès</strong>, la qual cosa potencia el seu atractiu logístic i comercial. La proximitat a importants centres industrials i comercials, així com a serveis de transport públic, converteix aquesta localitat en un punt neuràlgic per a empreses que busquen optimitzar la seva operativa.</p>
<p><strong>No perdis l&#8217;oportunitat d&#8217;establir el teu negoci en un entorn que afavoreix el creixement i la competitivitat. Explora les nostres opcions de lloguer i troba l&#8217;espai perfecte per portar la teva empresa al següent nivell a Manresa.</strong></p>

<p>Lloguer de Naus Industrials a Manresa Descobreix la nostra exclusiva selecció de naus industrials a Manresa, una localitat amb una ubicació estratègica al cor de Catalunya. Idealment situades, aquestes naus ofereixen un accés immillorable a les principals vies de comunicació, com la C-55 i la C-16, facilitant la connexió amb Barcelona i altres ciutats clau de la regió. Manresa es troba envoltada de barris &#8230;</p>
