{"id":171290,"date":"2020-09-16T11:47:51","date_gmt":"2020-09-16T09:47:51","guid":{"rendered":"https:\/\/masachs.com\/?page_id=171290"},"modified":"2025-10-03T11:14:43","modified_gmt":"2025-10-03T09:14:43","slug":"naus-de-lloguer-a-lametlla-del-valles","status":"publish","type":"page","link":"https:\/\/masachs.com\/ca\/naus-de-lloguer-a-lametlla-del-valles","title":{"rendered":"Naus de lloguer a l&#8217;Ametlla del Vall\u00e8s"},"content":{"rendered":"<h3>Lloguer de Naus Industrials a <strong>Ametlla del Vall\u00e8s<\/strong><\/h3>\n<p>Descobreix les nostres exclusives naus industrials en lloguer a <strong>Ametlla del Vall\u00e8s<\/strong>, una localitat estrat\u00e8gica situada al cor de la comarca del <strong>Vall\u00e8s Oriental<\/strong>. Aquest enclavament privilegiat ofereix un acc\u00e9s immillorable a les principals vies de comunicaci\u00f3, com la <strong>C-17<\/strong> i l&#8217;<strong>AP-7<\/strong>, facilitant la connexi\u00f3 amb <strong>Barcelona<\/strong> i altres ciutats clau de la regi\u00f3.<\/p>\n<p><strong>Ametlla del Vall\u00e8s<\/strong> es troba envoltada de municipis ve\u00efns com <strong>La Llagosta<\/strong>, <strong>Mollet del Vall\u00e8s<\/strong> i <strong>Granollers<\/strong>, la qual cosa potencia el seu atractiu per a empreses que busquen un entorn din\u00e0mic i en creixement. A m\u00e9s, la proximitat a \u00e0rees industrials consolidades i a importants nuclis log\u00edstics converteix aquesta localitat en una opci\u00f3 ideal per al desenvolupament del teu negoci.<\/p>\n<p>Les nostres naus han estat seleccionades per satisfer les necessitats de diverses activitats industrials, oferint espais amplis i vers\u00e0tils que s&#8217;adapten als teus requeriments. No perdis l&#8217;oportunitat d&#8217;establir la teva empresa en una ubicaci\u00f3 estrat\u00e8gica que afavoreix el creixement i la competitivitat. Contacta&#8217;ns per a m\u00e9s informaci\u00f3 sobre les nostres opcions de lloguer!<\/p>\n","protected":false},"excerpt":{"rendered":"<p>Lloguer de Naus Industrials a Ametlla del Vall\u00e8s Descobreix les nostres exclusives naus industrials en lloguer a Ametlla del Vall\u00e8s, una localitat estrat\u00e8gica situada al cor de la comarca del Vall\u00e8s Oriental. Aquest enclavament privilegiat ofereix un acc\u00e9s immillorable a les principals vies de comunicaci\u00f3, com la C-17 i l&#8217;AP-7, facilitant la connexi\u00f3 amb Barcelona i altres ciutats clau de la regi\u00f3. Ametlla del &#8230;<\/p>\n","protected":false},"author":9,"featured_media":0,"parent":0,"menu_order":0,"comment_status":"closed","ping_status":"closed","template":"property_list_half.php","meta":{"footnotes":""},"class_list":["post-171290","page","type-page","status-publish","hentry"],"_links":{"self":[{"href":"https:\/\/masachs.com\/ca\/wp-json\/wp\/v2\/pages\/171290"}],"collection":[{"href":"https:\/\/masachs.com\/ca\/wp-json\/wp\/v2\/pages"}],"about":[{"href":"https:\/\/masachs.com\/ca\/wp-json\/wp\/v2\/types\/page"}],"author":[{"embeddable":true,"href":"https:\/\/masachs.com\/ca\/wp-json\/wp\/v2\/users\/9"}],"replies":[{"embeddable":true,"href":"https:\/\/masachs.com\/ca\/wp-json\/wp\/v2\/comments?post=171290"}],"version-history":[{"count":2,"href":"https:\/\/masachs.com\/ca\/wp-json\/wp\/v2\/pages\/171290\/revisions"}],"predecessor-version":[{"id":369220,"href":"https:\/\/masachs.com\/ca\/wp-json\/wp\/v2\/pages\/171290\/revisions\/369220"}],"wp:attachment":[{"href":"https:\/\/masachs.com\/ca\/wp-json\/wp\/v2\/media?parent=171290"}],"curies":[{"name":"wp","href":"https:\/\/api.w.org\/{rel}","templated":true}]}}

Naus de lloguer a l&#8217;Ametlla del Vallès

<h3>Lloguer de Naus Industrials a <strong>Ametlla del Vallès</strong></h3>
<p>Descobreix les nostres exclusives naus industrials en lloguer a <strong>Ametlla del Vallès</strong>, una localitat estratègica situada al cor de la comarca del <strong>Vallès Oriental</strong>. Aquest enclavament privilegiat ofereix un accés immillorable a les principals vies de comunicació, com la <strong>C-17</strong> i l&#8217;<strong>AP-7</strong>, facilitant la connexió amb <strong>Barcelona</strong> i altres ciutats clau de la regió.</p>
<p><strong>Ametlla del Vallès</strong> es troba envoltada de municipis veïns com <strong>La Llagosta</strong>, <strong>Mollet del Vallès</strong> i <strong>Granollers</strong>, la qual cosa potencia el seu atractiu per a empreses que busquen un entorn dinàmic i en creixement. A més, la proximitat a àrees industrials consolidades i a importants nuclis logístics converteix aquesta localitat en una opció ideal per al desenvolupament del teu negoci.</p>
<p>Les nostres naus han estat seleccionades per satisfer les necessitats de diverses activitats industrials, oferint espais amplis i versàtils que s&#8217;adapten als teus requeriments. No perdis l&#8217;oportunitat d&#8217;establir la teva empresa en una ubicació estratègica que afavoreix el creixement i la competitivitat. Contacta&#8217;ns per a més informació sobre les nostres opcions de lloguer!</p>

<p>Lloguer de Naus Industrials a Ametlla del Vallès Descobreix les nostres exclusives naus industrials en lloguer a Ametlla del Vallès, una localitat estratègica situada al cor de la comarca del Vallès Oriental. Aquest enclavament privilegiat ofereix un accés immillorable a les principals vies de comunicació, com la C-17 i l&#8217;AP-7, facilitant la connexió amb Barcelona i altres ciutats clau de la regió. Ametlla del &#8230;</p>
